{"id":58,"date":"2014-11-26T10:59:27","date_gmt":"2014-11-26T09:59:27","guid":{"rendered":"http:\/\/161.67.140.60\/eot\/?page_id=58"},"modified":"2015-02-09T20:58:26","modified_gmt":"2015-02-09T19:58:26","slug":"overview-2","status":"publish","type":"page","link":"https:\/\/eyesofthings.eu\/?page_id=58","title":{"rendered":"Presentaci\u00f3n"},"content":{"rendered":"<p>La visi\u00f3n nos permite extraer una ingente cantidad de informaci\u00f3n de la realidad que nos rodea. Si queremos tener \u00abinteligencia\u00bb distribuida y presente en todas partes, parece necesario tener \u00abojos\u00bb en todas partes. Gracias a los avances en visi\u00f3n artificial, esto permite un sinf\u00edn de posibilidades en los que se refiere a aplicaciones \u00abllevables\u00bb, realidad aumentada, vigilancia, inteligencia ambiental, etc. Actualmente, la visi\u00f3n por computador se mueve r\u00e1pidamente m\u00e1s all\u00e1 del \u00e1mbito de la investigaci\u00f3n acad\u00e9mica y la automatizaci\u00f3n. Por otra parte, los dispositivos m\u00f3viles deben gran parte de su \u00e9xito a sus impresionantes capacidades relacionadas con poder de c\u00f3mputo, c\u00e1maras e imagen. Surge la cuesti\u00f3n de si tales dispositivos de uso masivo podr\u00edan utilizarse como plataforma para nuestros \u00abojos en todas partes\u00bb.<\/p>\n<p>La visi\u00f3n es sin embargo el sensor m\u00e1s exigente en t\u00e9rminos de consumo de energ\u00eda y capacidad de procesamiento necesaria. En este sentido, los dispositivos m\u00f3viles de consumo tienen 3 problemas:<br \/>\n1) su consumo de energ\u00eda impide el funcionamiento continuo de la visi\u00f3n.<br \/>\n2) en la mayor\u00eda de las aplicaciones de visi\u00f3n no se usar\u00edan los otros sensores que tienen.<br \/>\n3) puesto que se han dise\u00f1ado para un prop\u00f3sito concreto (como tel\u00e9fonos, PDAs, lectores, \u2026) no es de esperar que la gente los use habitualmente para otros prop\u00f3sitos o aplicaciones.<\/p>\n<p>Nuestro objetivo en este proyecto es desarrollar una plataforma optimizada para visi\u00f3n, que pueda funcionar tanto independientemente como empotrada en dispositivos\/aplicaciones m\u00e1s complejas. El hardware abierto se combinar\u00e1 con APIs abiertas que maximicen la informaci\u00f3n extra\u00edda por milivatio de energ\u00eda. Esto significar\u00e1 no solo m\u00e1s horas de funcionamiento continuo. Permitir\u00e1 crear nuevas aplicaciones y servicios que van m\u00e1s all\u00e1 de los sistemas de visi\u00f3n actuales, que son o bien personales\/m\u00f3viles o bien de funcionamiento continuo pero no ambas cosas al mismo tiempo. As\u00ed, el proyecto \u00ab<strong>Eyes of Things<\/strong>\u00bb persigue desarrollar una plataforma pionera donde converja:<br \/>\na) la necesidad de sistemas empotrados con m\u00e1s \u00abinteligencia\u00bb.<br \/>\nb) la r\u00e1pida expansi\u00f3n de la visi\u00f3n por computador m\u00e1s all\u00e1 de la pura investigaci\u00f3n y escenarios de automatizaci\u00f3n.<br \/>\nc) los enormes avances habidos en t\u00e9rminos de capacidad de procesamiento m\u00f3vil.<\/p>\n","protected":false},"excerpt":{"rendered":"<p>La visi\u00f3n nos permite extraer una ingente cantidad de informaci\u00f3n de la realidad que nos rodea. Si queremos tener \u00abinteligencia\u00bb distribuida y presente en todas partes, parece necesario tener \u00abojos\u00bb en todas partes. Gracias a los avances en visi\u00f3n artificial,&hellip; <\/p>\n","protected":false},"author":1,"featured_media":0,"parent":0,"menu_order":0,"comment_status":"closed","ping_status":"open","template":"","meta":{"footnotes":""},"class_list":["post-58","page","type-page","status-publish","hentry"],"_links":{"self":[{"href":"https:\/\/eyesofthings.eu\/index.php?rest_route=\/wp\/v2\/pages\/58","targetHints":{"allow":["GET"]}}],"collection":[{"href":"https:\/\/eyesofthings.eu\/index.php?rest_route=\/wp\/v2\/pages"}],"about":[{"href":"https:\/\/eyesofthings.eu\/index.php?rest_route=\/wp\/v2\/types\/page"}],"author":[{"embeddable":true,"href":"https:\/\/eyesofthings.eu\/index.php?rest_route=\/wp\/v2\/users\/1"}],"replies":[{"embeddable":true,"href":"https:\/\/eyesofthings.eu\/index.php?rest_route=%2Fwp%2Fv2%2Fcomments&post=58"}],"version-history":[{"count":5,"href":"https:\/\/eyesofthings.eu\/index.php?rest_route=\/wp\/v2\/pages\/58\/revisions"}],"predecessor-version":[{"id":696,"href":"https:\/\/eyesofthings.eu\/index.php?rest_route=\/wp\/v2\/pages\/58\/revisions\/696"}],"wp:attachment":[{"href":"https:\/\/eyesofthings.eu\/index.php?rest_route=%2Fwp%2Fv2%2Fmedia&parent=58"}],"curies":[{"name":"wp","href":"https:\/\/api.w.org\/{rel}","templated":true}]}}